{"id":3980,"date":"2018-03-26T09:08:05","date_gmt":"2018-03-26T09:08:05","guid":{"rendered":"http:\/\/www.keskumaki.fi\/www\/?page_id=3980"},"modified":"2025-10-22T11:57:40","modified_gmt":"2025-10-22T11:57:40","slug":"kesakukat","status":"publish","type":"page","link":"https:\/\/www.keskumaki.fi\/www\/kesakukat\/","title":{"rendered":"Kes\u00e4kukat"},"content":{"rendered":"\t\t<div data-elementor-type=\"wp-page\" data-elementor-id=\"3980\" class=\"elementor elementor-3980\">\n\t\t\t\t<div class=\"elementor-element elementor-element-19f4736c e-flex e-con-boxed e-con e-parent\" data-id=\"19f4736c\" data-element_type=\"container\">\n\t\t\t\t\t<div class=\"e-con-inner\">\n\t\t<div class=\"elementor-element elementor-element-aeccc5e e-con-full e-flex e-con e-child\" data-id=\"aeccc5e\" data-element_type=\"container\">\n\t\t<div class=\"elementor-element elementor-element-fba49c2 e-con-full e-flex e-con e-child\" data-id=\"fba49c2\" data-element_type=\"container\">\n\t\t\t\t<div class=\"elementor-element elementor-element-5f2248b elementor-widget elementor-widget-image\" data-id=\"5f2248b\" data-element_type=\"widget\" data-widget_type=\"image.default\">\n\t\t\t\t\t\t\t\t\t\t\t\t\t\t\t<img decoding=\"async\" width=\"300\" height=\"119\" src=\"https:\/\/www.keskumaki.fi\/www\/wp-content\/uploads\/2025\/10\/puutarha-keskumaki-logo2-kopio-300x119-1.png\" class=\"attachment-full size-full wp-image-4445\" alt=\"\" \/>\t\t\t\t\t\t\t\t\t\t\t\t\t\t\t<\/div>\n\t\t\t\t<div class=\"elementor-element elementor-element-942829a elementor-widget elementor-widget-text-editor\" data-id=\"942829a\" data-element_type=\"widget\" data-widget_type=\"text-editor.default\">\n\t\t\t\t\t\t\t\t\t<p>Valikoimamme vaihtelee niin lajikkeiden kuin v\u00e4rien suhteen. Vierailemalla puutarhalla tai torimyynniss\u00e4 n\u00e4et t\u00e4ll\u00e4 hetkell\u00e4 tarjolla olevan valikoiman.<\/p>\t\t\t\t\t\t\t\t<\/div>\n\t\t\t\t<\/div>\n\t\t<div class=\"elementor-element elementor-element-d0d1835 e-con-full e-flex e-con e-child\" data-id=\"d0d1835\" data-element_type=\"container\">\n\t\t\t\t<div class=\"elementor-element elementor-element-06aca70 elementor-widget elementor-widget-text-editor\" data-id=\"06aca70\" data-element_type=\"widget\" data-widget_type=\"text-editor.default\">\n\t\t\t\t\t\t\t\t\t<h1>Kes\u00e4kukkia moneen makuun<\/h1><p>Kes\u00e4kukat ovat kest\u00e4vi\u00e4 ja pitk\u00e4\u00e4n kukkivia yksivuotisia kasveja. Kes\u00e4kukilla voidaan loihtia kukkiva puutarha parvekkeelle, pirist\u00e4\u00e4 perennapenkkej\u00e4 tai luoda kes\u00e4ist\u00e4 tunnelmaa terassille. Kes\u00e4kukat sopivat my\u00f6s vaikkapa lahjaksi sek\u00e4 leikkokukiksi. Lis\u00e4ksi kes\u00e4kukat ovat edullisia ja useimmiten helppohoitoisia. Istutusaika alkaa varhain kev\u00e4\u00e4ll\u00e4 ja jatkuu aina pitk\u00e4lle syksyyn.<\/p><p>Kes\u00e4kukka valikoimamme on laaja ja moneen makuun soveltuva. Valikoimamme vaihtelee vuosittain ja otamme huomioon my\u00f6s asiakkaidemme toiveet lajikkeissa sek\u00e4 v\u00e4rivalikoimassa. Meilt\u00e4 saat niin komeat daaliat kuin perinteiset samettiruusut. Kukkien lis\u00e4ksi erilaisia kes\u00e4vihreit\u00e4 kuten hopeak\u00e4p\u00e4l\u00e4\u00e4, murattia ja k\u00f6ynn\u00f6skasveja, joiden avulla kukkaryhmiin saadaan lis\u00e4\u00e4 runsautta, vehreytt\u00e4 ja laskeutuvaa muotoa.<\/p><h4>Kes\u00e4kukkien hoito<\/h4><p>Parhaimmat kes\u00e4kukat kukkivat v\u00e4h\u00e4ll\u00e4 hoidolla upeasti koko kes\u00e4n. Useimmat kes\u00e4kukat viihtyv\u00e4t aurinkoisella tai puolivarjoisalla paikalla ja pit\u00e4v\u00e4t kastelusta sek\u00e4 lannoituksesta. Rankkasateen yll\u00e4tt\u00e4ess\u00e4 kukat on hyv\u00e4 nostaa suojaan katoksen alle. Useimmat kukat my\u00f6s kukkivat komeammin, kun kukkineet kukat poistaa kukkavartta my\u00f6ten.<\/p><p><a href=\"http:\/\/www.keskumaki.fi\/www\/kesakukkien-hoito\/\">Lue lis\u00e4\u00e4 Kes\u00e4kukkien hoidosta<\/a><\/p><p>Kes\u00e4kukkien myyntisesonki alkaa huhti-toukokuussa ja p\u00e4\u00e4ttyy juhannukseen. Kes\u00e4kukkia l\u00f6yd\u00e4t sesonkiaikana sek\u00e4 <a href=\"http:\/\/www.keskumaki.fi\/www\/yhteystiedot\/\">puutarhaltamme<\/a> ett\u00e4 <a href=\"http:\/\/www.keskumaki.fi\/www\/yhteystiedot\/\">torimyynnist\u00e4<\/a>.<\/p>\t\t\t\t\t\t\t\t<\/div>\n\t\t\t\t<div class=\"elementor-element elementor-element-a670837 gallery-spacing-custom elementor-widget elementor-widget-image-gallery\" data-id=\"a670837\" data-element_type=\"widget\" data-widget_type=\"image-gallery.default\">\n\t\t\t\t\t\t\t<div class=\"elementor-image-gallery\">\n\t\t\t<div id='gallery-1' class='gallery galleryid-3980 gallery-columns-5 gallery-size-thumbnail'><figure class='gallery-item'>\n\t\t\t<div class='gallery-icon landscape'>\n\t\t\t\t<a data-elementor-open-lightbox=\"yes\" data-elementor-lightbox-slideshow=\"a670837\" data-elementor-lightbox-title=\"Puutarha kes\u00e4kukat\" data-e-action-hash=\"#elementor-action%3Aaction%3Dlightbox%26settings%3DeyJpZCI6NDQ0OSwidXJsIjoiaHR0cHM6XC9cL3d3dy5rZXNrdW1ha2kuZmlcL3d3d1wvd3AtY29udGVudFwvdXBsb2Fkc1wvMjAyNVwvMTBcL2tlc2FrdWtrYS1wdXV0YXJoYS1hbXBwZWxpLWtlc2t1bWFraS1zYXN0YW1hbGEuanBnIiwic2xpZGVzaG93IjoiYTY3MDgzNyJ9\" href='https:\/\/www.keskumaki.fi\/www\/wp-content\/uploads\/2025\/10\/kesakukka-puutarha-amppeli-keskumaki-sastamala.jpg'><img decoding=\"async\" width=\"150\" height=\"150\" src=\"https:\/\/www.keskumaki.fi\/www\/wp-content\/uploads\/2025\/10\/kesakukka-puutarha-amppeli-keskumaki-sastamala-150x150.jpg\" class=\"attachment-thumbnail size-thumbnail\" alt=\"Puutarha kes\u00e4kukat\" aria-describedby=\"gallery-1-4449\" \/><\/a>\n\t\t\t<\/div>\n\t\t\t\t<figcaption class='wp-caption-text gallery-caption' id='gallery-1-4449'>\n\t\t\t\tPuutarha kes\u00e4kukat\n\t\t\t\t<\/figcaption><\/figure><figure class='gallery-item'>\n\t\t\t<div class='gallery-icon landscape'>\n\t\t\t\t<a data-elementor-open-lightbox=\"yes\" data-elementor-lightbox-slideshow=\"a670837\" data-elementor-lightbox-title=\"Puutarha kes\u00e4kukat\" data-e-action-hash=\"#elementor-action%3Aaction%3Dlightbox%26settings%3DeyJpZCI6NDQ1MCwidXJsIjoiaHR0cHM6XC9cL3d3dy5rZXNrdW1ha2kuZmlcL3d3d1wvd3AtY29udGVudFwvdXBsb2Fkc1wvMjAyNVwvMTBcL2tlc2FrdWtrYS1wdXV0YXJoYS1hbXBwZWxpLWtlc2t1bWFraS1zYXN0YW1hbGEtMi5qcGciLCJzbGlkZXNob3ciOiJhNjcwODM3In0%3D\" href='https:\/\/www.keskumaki.fi\/www\/wp-content\/uploads\/2025\/10\/kesakukka-puutarha-amppeli-keskumaki-sastamala-2.jpg'><img decoding=\"async\" width=\"150\" height=\"150\" src=\"https:\/\/www.keskumaki.fi\/www\/wp-content\/uploads\/2025\/10\/kesakukka-puutarha-amppeli-keskumaki-sastamala-2-150x150.jpg\" class=\"attachment-thumbnail size-thumbnail\" alt=\"Puutarha kes\u00e4kukat\" aria-describedby=\"gallery-1-4450\" \/><\/a>\n\t\t\t<\/div>\n\t\t\t\t<figcaption class='wp-caption-text gallery-caption' id='gallery-1-4450'>\n\t\t\t\tPuutarha kes\u00e4kukat\n\t\t\t\t<\/figcaption><\/figure><figure class='gallery-item'>\n\t\t\t<div class='gallery-icon landscape'>\n\t\t\t\t<a data-elementor-open-lightbox=\"yes\" data-elementor-lightbox-slideshow=\"a670837\" data-elementor-lightbox-title=\"Puutarha kes\u00e4kukat\" data-e-action-hash=\"#elementor-action%3Aaction%3Dlightbox%26settings%3DeyJpZCI6NDQ1MSwidXJsIjoiaHR0cHM6XC9cL3d3dy5rZXNrdW1ha2kuZmlcL3d3d1wvd3AtY29udGVudFwvdXBsb2Fkc1wvMjAyNVwvMTBcL2tlc2FrdWtrYS1wdXV0YXJoYS1hbXBwZWxpLWtlc2t1bWFraS1zYXN0YW1hbGEtMy5qcGciLCJzbGlkZXNob3ciOiJhNjcwODM3In0%3D\" href='https:\/\/www.keskumaki.fi\/www\/wp-content\/uploads\/2025\/10\/kesakukka-puutarha-amppeli-keskumaki-sastamala-3.jpg'><img loading=\"lazy\" decoding=\"async\" width=\"150\" height=\"150\" src=\"https:\/\/www.keskumaki.fi\/www\/wp-content\/uploads\/2025\/10\/kesakukka-puutarha-amppeli-keskumaki-sastamala-3-150x150.jpg\" class=\"attachment-thumbnail size-thumbnail\" alt=\"Puutarha kes\u00e4kukat\" aria-describedby=\"gallery-1-4451\" \/><\/a>\n\t\t\t<\/div>\n\t\t\t\t<figcaption class='wp-caption-text gallery-caption' id='gallery-1-4451'>\n\t\t\t\tPuutarha kes\u00e4kukat\n\t\t\t\t<\/figcaption><\/figure><figure class='gallery-item'>\n\t\t\t<div class='gallery-icon landscape'>\n\t\t\t\t<a data-elementor-open-lightbox=\"yes\" data-elementor-lightbox-slideshow=\"a670837\" data-elementor-lightbox-title=\"Puutarha kes\u00e4kukat\" data-e-action-hash=\"#elementor-action%3Aaction%3Dlightbox%26settings%3DeyJpZCI6NDQ1MiwidXJsIjoiaHR0cHM6XC9cL3d3dy5rZXNrdW1ha2kuZmlcL3d3d1wvd3AtY29udGVudFwvdXBsb2Fkc1wvMjAyNVwvMTBcL2tlc2FrdWtrYS1wdXV0YXJoYS1hbXBwZWxpLWtlc2t1bWFraS1zYXN0YW1hbGEtNC5qcGciLCJzbGlkZXNob3ciOiJhNjcwODM3In0%3D\" href='https:\/\/www.keskumaki.fi\/www\/wp-content\/uploads\/2025\/10\/kesakukka-puutarha-amppeli-keskumaki-sastamala-4.jpg'><img loading=\"lazy\" decoding=\"async\" width=\"150\" height=\"150\" src=\"https:\/\/www.keskumaki.fi\/www\/wp-content\/uploads\/2025\/10\/kesakukka-puutarha-amppeli-keskumaki-sastamala-4-150x150.jpg\" class=\"attachment-thumbnail size-thumbnail\" alt=\"Puutarha kes\u00e4kukat\" aria-describedby=\"gallery-1-4452\" \/><\/a>\n\t\t\t<\/div>\n\t\t\t\t<figcaption class='wp-caption-text gallery-caption' id='gallery-1-4452'>\n\t\t\t\tPuutarha kes\u00e4kukat\n\t\t\t\t<\/figcaption><\/figure><figure class='gallery-item'>\n\t\t\t<div class='gallery-icon landscape'>\n\t\t\t\t<a data-elementor-open-lightbox=\"yes\" data-elementor-lightbox-slideshow=\"a670837\" data-elementor-lightbox-title=\"Puutarha kes\u00e4kukat\" data-e-action-hash=\"#elementor-action%3Aaction%3Dlightbox%26settings%3DeyJpZCI6NDQ1MywidXJsIjoiaHR0cHM6XC9cL3d3dy5rZXNrdW1ha2kuZmlcL3d3d1wvd3AtY29udGVudFwvdXBsb2Fkc1wvMjAyNVwvMTBcL2tlc2FrdWtrYS1wdXV0YXJoYS1hbXBwZWxpLWtlc2t1bWFraS1zYXN0YW1hbGEtNS5qcGciLCJzbGlkZXNob3ciOiJhNjcwODM3In0%3D\" href='https:\/\/www.keskumaki.fi\/www\/wp-content\/uploads\/2025\/10\/kesakukka-puutarha-amppeli-keskumaki-sastamala-5.jpg'><img loading=\"lazy\" decoding=\"async\" width=\"150\" height=\"150\" src=\"https:\/\/www.keskumaki.fi\/www\/wp-content\/uploads\/2025\/10\/kesakukka-puutarha-amppeli-keskumaki-sastamala-5-150x150.jpg\" class=\"attachment-thumbnail size-thumbnail\" alt=\"Puutarha kes\u00e4kukat\" aria-describedby=\"gallery-1-4453\" \/><\/a>\n\t\t\t<\/div>\n\t\t\t\t<figcaption class='wp-caption-text gallery-caption' id='gallery-1-4453'>\n\t\t\t\tPuutarha kes\u00e4kukat\n\t\t\t\t<\/figcaption><\/figure><figure class='gallery-item'>\n\t\t\t<div class='gallery-icon landscape'>\n\t\t\t\t<a data-elementor-open-lightbox=\"yes\" data-elementor-lightbox-slideshow=\"a670837\" data-elementor-lightbox-title=\"Puutarha kes\u00e4kukat\" data-e-action-hash=\"#elementor-action%3Aaction%3Dlightbox%26settings%3DeyJpZCI6NDQ1NCwidXJsIjoiaHR0cHM6XC9cL3d3dy5rZXNrdW1ha2kuZmlcL3d3d1wvd3AtY29udGVudFwvdXBsb2Fkc1wvMjAyNVwvMTBcL2tlc2FrdWtrYS1wdXV0YXJoYS1hbXBwZWxpLWtlc2t1bWFraS1zYXN0YW1hbGEtNi5qcGciLCJzbGlkZXNob3ciOiJhNjcwODM3In0%3D\" href='https:\/\/www.keskumaki.fi\/www\/wp-content\/uploads\/2025\/10\/kesakukka-puutarha-amppeli-keskumaki-sastamala-6.jpg'><img loading=\"lazy\" decoding=\"async\" width=\"150\" height=\"150\" src=\"https:\/\/www.keskumaki.fi\/www\/wp-content\/uploads\/2025\/10\/kesakukka-puutarha-amppeli-keskumaki-sastamala-6-150x150.jpg\" class=\"attachment-thumbnail size-thumbnail\" alt=\"Puutarha kes\u00e4kukat\" aria-describedby=\"gallery-1-4454\" \/><\/a>\n\t\t\t<\/div>\n\t\t\t\t<figcaption class='wp-caption-text gallery-caption' id='gallery-1-4454'>\n\t\t\t\tPuutarha kes\u00e4kukat\n\t\t\t\t<\/figcaption><\/figure><figure class='gallery-item'>\n\t\t\t<div class='gallery-icon landscape'>\n\t\t\t\t<a data-elementor-open-lightbox=\"yes\" data-elementor-lightbox-slideshow=\"a670837\" data-elementor-lightbox-title=\"Puutarha kes\u00e4kukat\" data-e-action-hash=\"#elementor-action%3Aaction%3Dlightbox%26settings%3DeyJpZCI6NDQ1NSwidXJsIjoiaHR0cHM6XC9cL3d3dy5rZXNrdW1ha2kuZmlcL3d3d1wvd3AtY29udGVudFwvdXBsb2Fkc1wvMjAyNVwvMTBcL2tlc2FrdWtrYS1wdXV0YXJoYS1hbXBwZWxpLWtlc2t1bWFraS1zYXN0YW1hbGEtNy5qcGciLCJzbGlkZXNob3ciOiJhNjcwODM3In0%3D\" href='https:\/\/www.keskumaki.fi\/www\/wp-content\/uploads\/2025\/10\/kesakukka-puutarha-amppeli-keskumaki-sastamala-7.jpg'><img loading=\"lazy\" decoding=\"async\" width=\"150\" height=\"150\" src=\"https:\/\/www.keskumaki.fi\/www\/wp-content\/uploads\/2025\/10\/kesakukka-puutarha-amppeli-keskumaki-sastamala-7-150x150.jpg\" class=\"attachment-thumbnail size-thumbnail\" alt=\"Puutarha kes\u00e4kukat\" aria-describedby=\"gallery-1-4455\" \/><\/a>\n\t\t\t<\/div>\n\t\t\t\t<figcaption class='wp-caption-text gallery-caption' id='gallery-1-4455'>\n\t\t\t\tPuutarha kes\u00e4kukat\n\t\t\t\t<\/figcaption><\/figure><figure class='gallery-item'>\n\t\t\t<div class='gallery-icon landscape'>\n\t\t\t\t<a data-elementor-open-lightbox=\"yes\" data-elementor-lightbox-slideshow=\"a670837\" data-elementor-lightbox-title=\"Puutarha kes\u00e4kukat\" data-e-action-hash=\"#elementor-action%3Aaction%3Dlightbox%26settings%3DeyJpZCI6NDQ1NiwidXJsIjoiaHR0cHM6XC9cL3d3dy5rZXNrdW1ha2kuZmlcL3d3d1wvd3AtY29udGVudFwvdXBsb2Fkc1wvMjAyNVwvMTBcL2tlc2FrdWtrYS1wdXV0YXJoYS1hbXBwZWxpLWtlc2t1bWFraS1zYXN0YW1hbGEtOC5qcGciLCJzbGlkZXNob3ciOiJhNjcwODM3In0%3D\" href='https:\/\/www.keskumaki.fi\/www\/wp-content\/uploads\/2025\/10\/kesakukka-puutarha-amppeli-keskumaki-sastamala-8.jpg'><img loading=\"lazy\" decoding=\"async\" width=\"150\" height=\"150\" src=\"https:\/\/www.keskumaki.fi\/www\/wp-content\/uploads\/2025\/10\/kesakukka-puutarha-amppeli-keskumaki-sastamala-8-150x150.jpg\" class=\"attachment-thumbnail size-thumbnail\" alt=\"Puutarha kes\u00e4kukat\" aria-describedby=\"gallery-1-4456\" \/><\/a>\n\t\t\t<\/div>\n\t\t\t\t<figcaption class='wp-caption-text gallery-caption' id='gallery-1-4456'>\n\t\t\t\tPuutarha kes\u00e4kukat\n\t\t\t\t<\/figcaption><\/figure><figure class='gallery-item'>\n\t\t\t<div class='gallery-icon portrait'>\n\t\t\t\t<a data-elementor-open-lightbox=\"yes\" data-elementor-lightbox-slideshow=\"a670837\" data-elementor-lightbox-title=\"Puutarha kes\u00e4kukat\" data-e-action-hash=\"#elementor-action%3Aaction%3Dlightbox%26settings%3DeyJpZCI6NDQ1NywidXJsIjoiaHR0cHM6XC9cL3d3dy5rZXNrdW1ha2kuZmlcL3d3d1wvd3AtY29udGVudFwvdXBsb2Fkc1wvMjAyNVwvMTBcL2tlc2FrdWtrYS1wdXV0YXJoYS1hbXBwZWxpLWtlc2t1bWFraS1zYXN0YW1hbGEtMTAuanBnIiwic2xpZGVzaG93IjoiYTY3MDgzNyJ9\" href='https:\/\/www.keskumaki.fi\/www\/wp-content\/uploads\/2025\/10\/kesakukka-puutarha-amppeli-keskumaki-sastamala-10.jpg'><img loading=\"lazy\" decoding=\"async\" width=\"150\" height=\"150\" src=\"https:\/\/www.keskumaki.fi\/www\/wp-content\/uploads\/2025\/10\/kesakukka-puutarha-amppeli-keskumaki-sastamala-10-150x150.jpg\" class=\"attachment-thumbnail size-thumbnail\" alt=\"Puutarha kes\u00e4kukat\" aria-describedby=\"gallery-1-4457\" \/><\/a>\n\t\t\t<\/div>\n\t\t\t\t<figcaption class='wp-caption-text gallery-caption' id='gallery-1-4457'>\n\t\t\t\tPuutarha kes\u00e4kukat\n\t\t\t\t<\/figcaption><\/figure>\n\t\t<\/div>\n\t\t<\/div>\n\t\t\t\t\t\t<\/div>\n\t\t\t\t<\/div>\n\t\t\t\t<\/div>\n\t\t\t\t\t<\/div>\n\t\t\t\t<\/div>\n\t\t\t\t<\/div>\n\t\t","protected":false},"excerpt":{"rendered":"<p>Valikoimamme vaihtelee niin lajikkeiden kuin v\u00e4rien suhteen. Vierailemalla puutarhalla tai torimyynniss\u00e4 n\u00e4et t\u00e4ll\u00e4 hetkell\u00e4 tarjolla olevan valikoiman. Kes\u00e4kukkia moneen makuun Kes\u00e4kukat ovat kest\u00e4vi\u00e4 ja pitk\u00e4\u00e4n kukkivia yksivuotisia kasveja. Kes\u00e4kukilla voidaan loihtia kukkiva puutarha parvekkeelle, pirist\u00e4\u00e4 perennapenkkej\u00e4 tai luoda kes\u00e4ist\u00e4 tunnelmaa terassille. Kes\u00e4kukat sopivat my\u00f6s vaikkapa lahjaksi sek\u00e4 leikkokukiksi. Lis\u00e4ksi kes\u00e4kukat ovat edullisia ja useimmiten helppohoitoisia. [&hellip;]<\/p>\n","protected":false},"author":1,"featured_media":0,"parent":0,"menu_order":0,"comment_status":"closed","ping_status":"closed","template":"","meta":{"_monsterinsights_skip_tracking":false,"_monsterinsights_sitenote_active":false,"_monsterinsights_sitenote_note":"","_monsterinsights_sitenote_category":0,"footnotes":""},"class_list":["post-3980","page","type-page","status-publish","hentry"],"_links":{"self":[{"href":"https:\/\/www.keskumaki.fi\/www\/wp-json\/wp\/v2\/pages\/3980","targetHints":{"allow":["GET"]}}],"collection":[{"href":"https:\/\/www.keskumaki.fi\/www\/wp-json\/wp\/v2\/pages"}],"about":[{"href":"https:\/\/www.keskumaki.fi\/www\/wp-json\/wp\/v2\/types\/page"}],"author":[{"embeddable":true,"href":"https:\/\/www.keskumaki.fi\/www\/wp-json\/wp\/v2\/users\/1"}],"replies":[{"embeddable":true,"href":"https:\/\/www.keskumaki.fi\/www\/wp-json\/wp\/v2\/comments?post=3980"}],"version-history":[{"count":28,"href":"https:\/\/www.keskumaki.fi\/www\/wp-json\/wp\/v2\/pages\/3980\/revisions"}],"predecessor-version":[{"id":4579,"href":"https:\/\/www.keskumaki.fi\/www\/wp-json\/wp\/v2\/pages\/3980\/revisions\/4579"}],"wp:attachment":[{"href":"https:\/\/www.keskumaki.fi\/www\/wp-json\/wp\/v2\/media?parent=3980"}],"curies":[{"name":"wp","href":"https:\/\/api.w.org\/{rel}","templated":true}]}}