{"id":4147,"date":"2018-04-03T09:40:24","date_gmt":"2018-04-03T09:40:24","guid":{"rendered":"http:\/\/www.keskumaki.fi\/www\/?page_id=4147"},"modified":"2025-10-22T12:01:35","modified_gmt":"2025-10-22T12:01:35","slug":"kesakukkien-hoito","status":"publish","type":"page","link":"https:\/\/www.keskumaki.fi\/www\/kesakukkien-hoito\/","title":{"rendered":"Kes\u00e4kukkien hoito"},"content":{"rendered":"\t\t<div data-elementor-type=\"wp-page\" data-elementor-id=\"4147\" class=\"elementor elementor-4147\">\n\t\t\t\t<div class=\"elementor-element elementor-element-3a283fd7 e-flex e-con-boxed e-con e-parent\" data-id=\"3a283fd7\" data-element_type=\"container\">\n\t\t\t\t\t<div class=\"e-con-inner\">\n\t\t\t\t<div class=\"elementor-element elementor-element-1f6b29d7 elementor-widget elementor-widget-text-editor\" data-id=\"1f6b29d7\" data-element_type=\"widget\" data-widget_type=\"text-editor.default\">\n\t\t\t\t\t\t\t\t\t<h1>Kes\u00e4kukkien hoito<\/h1><h6>Kes\u00e4kukat ovat p\u00e4\u00e4asiassa helppohoitoisia. Kes\u00e4kukat voidaan istuttaa suuriin ruukkuihin, parvekelaatikoihin ja amppeleihin ulos parvekkeelle ja terassille. Kes\u00e4kukat sopivat my\u00f6s kukkapenkkeihin. On hienonn\u00e4k\u00f6ist\u00e4 yhdistell\u00e4 eri lajeja sek\u00e4 korkeita, matalia ja riippuvia kasveja. Joissakin lajeissa on kauniit lehdet, jotka yhdess\u00e4 kukkien kanssa saavat aikaan ihastuttavan vaikutelman.<\/h6><h4>Koska kes\u00e4kukat ulos?<\/h4><p>Kev\u00e4\u00e4n ensimm\u00e4isiin istutuksiin kannattaa valita pient\u00e4 pakkasta siet\u00e4vi\u00e4 lajeja. Alin l\u00e4mp\u00f6tila on kasvikohtainen, mutta mit\u00e4\u00e4n kiirett\u00e4 ei kannata ulos istuttamisella pit\u00e4\u00e4. Kasvit voi halla\u00f6iksi peitt\u00e4\u00e4 harsolla tai siirt\u00e4\u00e4 ne sis\u00e4lle. Pient\u00e4 pakkasta kest\u00e4vi\u00e4 ryhm\u00e4kasveja ovat esimerkiksi orvokki, lemmikki, kellok\u00f6ynn\u00f6s, punakosmos, neilikat, verbena, hopeavillakko ja hopeak\u00e4p\u00e4l\u00e4. Osa kasveista karaistuu kes\u00e4n my\u00f6t\u00e4 ja kest\u00e4\u00e4 syksyll\u00e4 enemm\u00e4n kylm\u00e4\u00e4 kuin kev\u00e4\u00e4ll\u00e4. T\u00e4llainen kasvi on esimerkiksi marketta.<\/p><h4>T\u00e4rkeimm\u00e4t hoitoty\u00f6t<\/h4><p>Kastelu ja lannoittaminen ovat t\u00e4rkeimm\u00e4t kes\u00e4kukkien hoitoty\u00f6t. My\u00f6s rikkakasvit tulee poistaa, sill\u00e4 ne viev\u00e4t kasvuvoiman ja valon istutetuilta kasveilta. Kes\u00e4kukkia kannattaa lannoittaa joka kastelun yhteydess\u00e4 veteen liukenevalla kastelulannoitteella. Moni kes\u00e4kukka jaksaa kukoistaa paremmin, kun siit\u00e4 <i>nyppii kuihtuneet<\/i> kukat pois. Nypitt\u00e4vi\u00e4 kasveja ovat mm. orvokki, marketta, t\u00e4htisilm\u00e4, petunia, pelargoni, samettikukka ja leijonankita.<\/p><h4>Varjoon vai aurinkoon?<\/h4><p>Kuivaan ja aurinkoiseen paikkaan kannattaa istuttaa kes\u00e4kukkalajeja, jotka pystyv\u00e4t varastoimaan vett\u00e4 lehtiins\u00e4 ja versoihinsa. T\u00e4llaisia lajeja ovat esimerkiksi marketta, daalia, samettikukka ja verbenat. Edell\u00e4 mainitut lajit siet\u00e4v\u00e4t jopa hetken kuivuutta. Suurin osa kes\u00e4kukista viihtyy parhaiten auringossa, kunhan veden saannista huolehditaan. N\u00e4it\u00e4 ovat edellisten lis\u00e4ksi pelargonia, t\u00e4htisilm\u00e4 ja kiinanneilikka.<\/p><p>Puolivarjoisaan paikkaan taas soveltuvat mm. siniviuhka, lobeli, tupakat, kellok\u00f6ynn\u00f6s, hopeak\u00e4p\u00e4l\u00e4, mustasilm\u00e4susanna, el\u00e4m\u00e4nlanka, kellok\u00f6ynn\u00f6s ja kiipe\u00e4v\u00e4t kasvit.<\/p><p>Varjoisalla kasvupaikalla on my\u00f6s omat lajinsa. N\u00e4it\u00e4 ovat kasvit, joilla on hennot, ohuet lehdet &#8211; ja jotka eiv\u00e4t voi varastoida vett\u00e4 edell\u00e4 mainittujen tavoin. Varjoisan paikan kes\u00e4kukkia ovat esimerkiksi kes\u00e4begonia, lobelia, lumihiutale, verenpisara, petunia ja ahkeraliisa.<\/p><h4>Lajikekohtaisia hoito-ohjeita<\/h4><p><strong>\u2022 Begonia<\/strong> on kylm\u00e4narka, joten se sopii aurinkoon tai puolivarjoon. Begonia pit\u00e4\u00e4 tasaisesta kosteudesta, ei kuitenkaan m\u00e4rkyydest\u00e4.<\/p><p><strong>\u2022 Kellok\u00f6ynn\u00f6s<\/strong> kukkii parhaiten eritt\u00e4in aurinkoisella paikalla. Se ei kest\u00e4 hallaa.<\/p><p><strong>\u2022 Daalia<\/strong> viihtyy l\u00e4mpim\u00e4ll\u00e4 paikalla eik\u00e4 sied\u00e4 hallaa. Se vaatii runsaasti lannoitusta ja vett\u00e4. Daalian juurakot voi talvettaa kuivassa, pakkasettomassa paikassa.<\/p><p><strong>\u2022 Hopeavitja<\/strong> eli hopeaputous pit\u00e4\u00e4 l\u00e4mpim\u00e4st\u00e4 kasvupaikasta ja kest\u00e4\u00e4 hieman kuivuuttakin.<\/p><p><strong>\u2022 Timanttikukka<\/strong> avaa kukkansa vain aurinkoisella paikalla ja kest\u00e4\u00e4 hyvin kuumaa ja kuivaa. Se siet\u00e4\u00e4 syksyll\u00e4 pient\u00e4 hallaa.<\/p><p><strong>\u2022 Mustasilm\u00e4susanna<\/strong> viihtyy aurinkoisessa ja l\u00e4mpim\u00e4ss\u00e4 paikassa. Sit\u00e4 lannoitetaan ja kastellaan kohtuullisesti. Se ei kest\u00e4 tuulta eik\u00e4 hallaa.<\/p><p><b>\u2022 Orvokki<\/b>, jonka liikakastelua on v\u00e4ltett\u00e4v\u00e4. Liian pitkiksi venyneet versot leikataan lyhyeksi, jolloin saadaan aikaan uutta kukintaa.<\/p><p><b>\u2022 Marketta<\/b>, joka pit\u00e4\u00e4 tasaisesta kosteudesta ja lannoituksesta.<\/p><p><b>\u2022 T\u00e4htisilm\u00e4<\/b> jota kastellaan kohtuullisesti. Se voi pit\u00e4\u00e4 pienen tauon kukinnassa, mutta jaksaa sitten taas kukkia pitk\u00e4lle syksyyn.<\/p><p><b>\u2022 Petunia<\/b>, joka ei pid\u00e4 sateesta vaan viihtyy l\u00e4mpim\u00e4ll\u00e4 ja valoisalla kasvupaikalla ja halajaa s\u00e4\u00e4nn\u00f6llist\u00e4 kastelua ja lannoitusta.<\/p><p><b>\u2022 Pelargoni<\/b> , jonka kuihtuneiden kukintojen kukkavarret poistetaan tyvest\u00e4 asti. Kukintaa auttaa my\u00f6s s\u00e4\u00e4nn\u00f6llinen lannoitus ja kohtuullinen kastelu.<\/p><p><b>\u2022 Samettikukka<\/b>, joka viihtyy reilussa auringon paisteessa ja kest\u00e4\u00e4 hieman kuivahtamistakin.<\/p><p><b>\u2022 Leijonankita<\/b>, jonka kuihtuneet kukkavarret leikataan kokonaan pois. Se viihtyy auringossa ja puolivarjossa sek\u00e4 kest\u00e4\u00e4 pient\u00e4 hallaa.<\/p><p><b>\u2022 Miljoonakello<\/b>\u00a0 vaatii lannoitusta koko kes\u00e4n ajan, vett\u00e4 kohtuullisesti.<\/p><p><b>\u2022 Verenpisara<\/b> tarvitsee runsaasti vett\u00e4 ja s\u00e4\u00e4nn\u00f6llist\u00e4 lannoitusta. Liian kuivissa oloissa kukat putoavat helposti.<\/p><p><b>\u2022 Ahkeraliisa<\/b>a kastellaan kohtuullisesti, ei kest\u00e4 m\u00e4rk\u00e4\u00e4.<\/p><p><b>\u2022 Lobelia<\/b> tarvitsee tasaista kastelua ja lannoitusta l\u00e4pi kes\u00e4n.<\/p><p><b>\u2022 Enkelinsilm\u00e4pelargoni<\/b> vaatii kukkiakseen s\u00e4\u00e4nn\u00f6llist\u00e4 lannoitusta ja kohtuullista kastelua.<\/p><p><b>\u2022 Keijunmekko<\/b> kukkii runsaasti syksyyn saakka saadessaan tasaisesti vett\u00e4 ja lannoitusta. Sen voi talvettaa valoisassa ja viile\u00e4ss\u00e4 paikassa.<\/p><p><b>\u2022 Siniviuhka<\/b> pit\u00e4\u00e4 tasaisesta kosteudesta, lannoitetta annetaan pari-kolme kertaa kuussa.<\/p><p><b>\u2022 Lumihiutale<\/b>\u00a0 lannoitetaan kerran viikossa ja pidet\u00e4\u00e4n tasaisen kosteana, kuivahtaminen heikent\u00e4\u00e4 kukintaa.<\/p><p><b>\u2022 Verbena<\/b> eli rautayrtti pit\u00e4\u00e4 kohtuullisesta kastelusta ja lannoituksesta. Se siet\u00e4\u00e4 pient\u00e4 hallaa.<\/p><p>\u00a0<\/p>\t\t\t\t\t\t\t\t<\/div>\n\t\t\t\t\t<\/div>\n\t\t\t\t<\/div>\n\t\t\t\t<\/div>\n\t\t","protected":false},"excerpt":{"rendered":"<p>Kes\u00e4kukkien hoito Kes\u00e4kukat ovat p\u00e4\u00e4asiassa helppohoitoisia. Kes\u00e4kukat voidaan istuttaa suuriin ruukkuihin, parvekelaatikoihin ja amppeleihin ulos parvekkeelle ja terassille. Kes\u00e4kukat sopivat my\u00f6s kukkapenkkeihin. On hienonn\u00e4k\u00f6ist\u00e4 yhdistell\u00e4 eri lajeja sek\u00e4 korkeita, matalia ja riippuvia kasveja. Joissakin lajeissa on kauniit lehdet, jotka yhdess\u00e4 kukkien kanssa saavat aikaan ihastuttavan vaikutelman. Koska kes\u00e4kukat ulos? Kev\u00e4\u00e4n ensimm\u00e4isiin istutuksiin kannattaa valita pient\u00e4 [&hellip;]<\/p>\n","protected":false},"author":1,"featured_media":0,"parent":0,"menu_order":0,"comment_status":"closed","ping_status":"closed","template":"","meta":{"_monsterinsights_skip_tracking":false,"_monsterinsights_sitenote_active":false,"_monsterinsights_sitenote_note":"","_monsterinsights_sitenote_category":0,"footnotes":""},"class_list":["post-4147","page","type-page","status-publish","hentry"],"_links":{"self":[{"href":"https:\/\/www.keskumaki.fi\/www\/wp-json\/wp\/v2\/pages\/4147","targetHints":{"allow":["GET"]}}],"collection":[{"href":"https:\/\/www.keskumaki.fi\/www\/wp-json\/wp\/v2\/pages"}],"about":[{"href":"https:\/\/www.keskumaki.fi\/www\/wp-json\/wp\/v2\/types\/page"}],"author":[{"embeddable":true,"href":"https:\/\/www.keskumaki.fi\/www\/wp-json\/wp\/v2\/users\/1"}],"replies":[{"embeddable":true,"href":"https:\/\/www.keskumaki.fi\/www\/wp-json\/wp\/v2\/comments?post=4147"}],"version-history":[{"count":16,"href":"https:\/\/www.keskumaki.fi\/www\/wp-json\/wp\/v2\/pages\/4147\/revisions"}],"predecessor-version":[{"id":4588,"href":"https:\/\/www.keskumaki.fi\/www\/wp-json\/wp\/v2\/pages\/4147\/revisions\/4588"}],"wp:attachment":[{"href":"https:\/\/www.keskumaki.fi\/www\/wp-json\/wp\/v2\/media?parent=4147"}],"curies":[{"name":"wp","href":"https:\/\/api.w.org\/{rel}","templated":true}]}}